1158
In base 16, what is -5 + -43?
-48
In base 14, what is 5 + bb?
c2
In base 5, what is 2 - 40?
-33
In base 4, what is 1311330 - 2?
1311322
In base 16, what is 11 + 0?
11
In base 8, what is -1 + 1077?
1076
In base 7, what is -5 - 15?
-23
In base 10, what is -5 - 35?
-40
In base 8, what is -2 - -2770?
2766
In base 11, what is -33 + -14?
-47
In base 6, what is -23413 - 4?
-23421
In base 5, what is 14 - 22?
-3
In base 5, what is -2040 - -2?
-2033
In base 12, what is 7 + 793?
79a
In base 7, what is 16502 - -1?
16503
In base 16, what is -38f + 1?
-38e
In base 7, what is 0 - -1230?
1230
In base 11, what is -1056 + 4?
-1052
In base 2, what is -100010100 - -11?
-100010001
In base 2, what is 11000111 + 10?
11001001
In base 13, what is -177 - 4?
-17b
In base 16, what is -5 + -c?
-11
In base 15, what is 5 + 10d?
113
In base 8, what is -54 + 0?
-54
In base 2, what is -10110101100 - 11?
-10110101111
In base 8, what is -24614 - -3?
-24611
In base 5, what is 2 - 3132?
-3130
In base 8, what is 1300 + 0?
1300
In base 10, what is -3 + 1900?
1897
In base 2, what is 1000101001110 + 1?
1000101001111
In base 12, what is 179a + 0?
179a
In base 9, what is 84 - 14?
70
In base 16, what is -2 + 34?
32
In base 9, what is 2714 + -4?
2710
In base 10, what is 2 - 2518?
-2516
In base 4, what is 210 - -1?
211
In base 4, what is -130213 - 0?
-130213
In base 4, what is -2332 - 22?
-3020
In base 6, what is -14 - -254?
240
In base 13, what is -ba + -7?
-c4
In base 13, what is 11 + -3?
b
In base 10, what is -398 - 1?
-399
In base 11, what is 1 - -21?
22
In base 16, what is 274 - 4?
270
In base 2, what is 1 - 111101?
-111100
In base 3, what is 1121202 + 12?
1121221
In base 7, what is 5 + 166?
204
In base 6, what is 3 + -1531?
-1524
In base 11, what is 59 + 9?
67
In base 13, what is 2 + -27b?
-279
In base 11, what is 126 + 11?
137
In base 10, what is -46 + 0?
-46
In base 3, what is 11 - -11120?
11201
In base 9, what is 366 - 1?
365
In base 11, what is 638 + 1?
639
In base 5, what is 10 + -323?
-313
In base 8, what is 231 + 4?
235
In base 2, what is -10000011111011 + 1?
-10000011111010
In base 13, what is -131a - 6?
-1323
In base 5, what is 0 - -22440?
22440
In base 11, what is -73 - 7?
-7a
In base 14, what is -28 - -3?
-25
In base 12, what is 186 + 5?
18b
In base 12, what is 9 - 108?
-bb
In base 8, what is -1 - 71?
-72
In base 4, what is 2 + 10233?
10301
In base 3, what is 12 - -1122012?
1122101
In base 5, what is -110004 - -13?
-104441
In base 4, what is 3 + 1301?
1310
In base 9, what is 16 - 18?
-2
In base 6, what is 12440 - 5?
12431
In base 2, what is 1 + -1000110011?
-1000110010
In base 6, what is -10 + 102?
52
In base 6, what is 54 - -2252?
2350
In base 10, what is 1 - 570?
-569
In base 14, what is 19a - -3?
19d
In base 13, what is 5 + b?
13
In base 12, what is -2254 + 1?
-2253
In base 9, what is 583 - 42?
541
In base 3, what is -201 + 10200?
2222
In base 12, what is 1 - -77?
78
In base 14, what is -19 - 3d?
-58
In base 3, what is -10 + 1021?
1011
In base 3, what is -12 + 1202?
1120
In base 4, what is -130 + 121?
-3
In base 7, what is 1351 + -3?
1345
In base 15, what is -381e + 1?
-381d
In base 14, what is 1 - -16?
17
In base 6, what is 312 + 4?
320
In base 9, what is 1 - 46?
-45
In base 11, what is 1 + 66?
67
In base 12, what is 2095 - 2?
2093
In base 7, what is 1 + -353?
-352
In base 12, what is -295 - -a?
-287
In base 11, what is 4 - -34?
38
In base 11, what is 347 + -5?
342
In base 11, what is 12 - -1?
13
In base 8, what is 63 + -34?
27
In base 9, what is 0 - 2080?
-2080
In base 5, what is 30 + 100?
130
In base 4, what is 3 + 3102?
3111
In base 16, what is -3 - -81?
7e
In base 14, what is -3 - -818?
815
In base 3, what is -100121 - -10?
-100111
In base 16, what is 3 - -2c?
2f
In base 6, what is 10104 + -11?
10053
In base 14, what is -907 - -4?
-903
In base 13, what is -81 - 4?
-85
In base 8, what is 0 + -317?
-317
In base 2, what is 1110001 + -1001?
1101000
In base 8, what is -1 - 3042?
-3043
In base 10, what is 1 - 78?
-77
In base 14, what is 4 + -25?
-21
In base 10, what is -3 + 138?
135
In base 16, what is 12 + 231?
243
In base 4, what is 20 - 11330?
-11310
In base 5, what is -21021 - 0?
-21021
In base 3, what is -1021000 + -2?
-1021002
In base 13, what is 6 - -c96?
c9c
In base 10, what is 5 - -423?
428
In base 12, what is -20 - -39?
19
In base 7, what is -1 - -400?
366
In base 6, what is -2545 + 1?
-2544
In base 2, what is -11110011100 - 101?
-11110100001
In base 11, what is 64 + -5?
5a
In base 2, what is -100 + -10101000111?
-10101001011
In base 15, what is 6 - ce?
-c8
In base 7, what is -3 - -2252?
2246
In base 4, what is -3 - 1233?
-1302
In base 3, what is 0 + 1110?
1110
In base 8, what is 1 - -4761?
4762
In base 2, what is 10100010011 + 0?
10100010011
In base 13, what is -3 + 2c?
29
In base 9, what is -16 - -28?
12
In base 8, what is -110 + 5?
-103
In base 4, what is 332 + 22?
1020
In base 14, what is 5 + aa?
b1
In base 15, what is 4 - e1?
-dc
In base 11, what is 7 + -42?
-36
In base 4, what is -10 - -203300?
203230
In base 2, what is -1111010000100 - -100?
-1111010000000
In base 6, what is -3 + 11325?
11322
In base 7, what is 42 + 0?
42
In base 14, what is -20 - 2d?
-4d
In base 11, what is a9 + 7?
105
In base 2, what is 111111011 + -10?
111111001
In base 6, what is -1 + -4524?
-4525
In base 6, what is 1114 - -2?
1120
In base 3, what is -1 - -211?
210
In base 13, what is -4 + 271?
26a
In base 3, what is 1200001 - 1?
1200000
In base 10, what is -4 - 124?
-128
In base 15, what is -1a5c + -8?
-1a65
In base 7, what is -4 + -510?
-514
In base 2, what is 1000001000 + 0?
1000001000
In base 16, what is -6 - 16?
-1c
In base 6, what is -1 + 21?
20
In base 6, what is 14 - 45?
-31
In base 7, what is 5 + -151?
-143
In base 4, what is 1 + 103?
110
In base 10, what is 4 - 1375?
-1371
In base 12, what is -561b + -1?
-5620
In base 9, what is -3 + 1742?
1738
In base 15, what is -b31 - -a?
-b26
In base 6, what is -10 + -250?
-300
In base 4, what is -203 - -2?
-201
In base 6, what is 111 + -1445?
-1334
In base 2, what is 1110 + -100?
1010
In base 6, what is -311 - 21?
-332
In base 12, what is -147 - 3?
-14a
In base 16, what is 5 - b60?
-b5b
In base 2, what is -10111110100 + -11?
-10111110111
In base 9, what is 7 - 455?
-447
In base 11, what is 3 + 362?
365
In base 2, what is 11 + 1001001?
1001100
In base 14, what is -4 - -65?
61
In base 8, what is 3020 + -1?
3017
In base 6, what is -105 + 1?
-104
In base 15, what is 17 - -3a?
52
In base 10, what is 2 - -17?
19
In base 7, what is -3406 - 10?
-3416
In base 2, what is -101 + -10011?
-11000
In base 2, what is -100111010 + -10?
-100111100
In base 8, what is 1 - -1611?
1612
In base 9, what is 0 + -1?
-1
In base 6, what is 150 - -12?
202
In base 12, what is 275 - -5?
27a
In base 5, what is 2 + 4?
11
In base 5, what is -4131 - -4?
-4122
In base 6, what is 244 - 130?
114
In base 14, what is 96 - 2b?
69
In base 12, what is 0 + -2a?
-2a
In base 9, what is 20 - 0?
20
In base 5, what is -10 - 0?
-10
In base 12, what is 9 - 84?
-77
In base 14, what is 0 + -2c?
-2c
In base 9, what is 15 - 263?
-247
In base 3, what is 11 - -201?
212
In base 9, what is -1 + 21?
20
In base 7, what is 1 - -111?
112
In base 14, what is 3 + -117?
-114
In base 2, what is -1000001 + 1?
-1000000
In base 8, what is -2 + 4676?
4674
In base 10, what is -95 - 14?
-109
In base 5, what is -12 - -11?
-1
In base 2, what is 1001011110000 + -1?
1001011101111
In base 7, what is 22 - 11?
11
In base 10, what is 3 - 3?
0
In base 2, what is 101110 + 100?
110010
In base 5, what is -3 - -3042?
3034
In base 13, what is -87 + -18?
-a2
In base 4, what is -210313 + -1?
-210320
In base 4, what is 2103 + -1?
2102
In base 4, what is -2233131 - 0?
-2233131
In base 3, what is 100221220 - -12?
100222002
In base 8, what is -1 - 1?
-2
In base 3, what is -1220 + 101?
-1112
In base 4, what is 130 + 1113?
1303
In base 14, what is 7 - 22?
-19
In base 7, what is 463 - -14?
510
In base 14, what is a + 1a?
26
In base 12, what is 7 + 6?
11
In base 7, what is -423 - 13?
-436
In base 3, what is -2 - 12210?
-12212
In base 5, what is 1142 - -11?
1203
In base 4, what is -22023 + 10?
-22013
In base 16, what is a5 + -a?
9b
In base 6, what is -144 + 1?
-143
In base 11, what is -173 - 2?
-175
In base 9, what is 74 